et v(f) = 13*f**2 - 1408*f - 13. Let l be v(111). Calculate the greatest common divisor of l and 121.
121
Suppose 2*s - 199 = -3*f, -48 = -4*f + 4*s + 204. Suppose a = 5*d - a - f, -5*d + a = -65. Calculate the greatest common factor of 65 and d.
13
Let u be ((-10)/6 + 0)/(15/(-54)). Let q be -18*u*4/(-18). What is the greatest common divisor of q and 15?
3
Let a be (-2394)/(-8) + (-6)/(-8). Suppose -2*h + 140 = 4*m, 11*m + 220 = 4*h + 7*m. What is the highest common factor of h and a?
60
Let t(v) = -356*v + 242. Let p be t(0). Calculate the greatest common factor of 198 and p.
22
Let p be (-56)/3*22/(572/(-117)). What is the highest common divisor of 567 and p?
21
Let j(s) = -s**2 + 8*s - 3. Let f be j(5). Let o = -196 + 460. Let l = -246 + o. What is the greatest common factor of l and f?
6
Let b be (-1 + 2)*(-5)/(55/(-1133)). Let u = 102 + -21. Let a = b - u. What is the highest common divisor of 55 and a?
11
Let r(u) = 13*u**2 + 2*u + 8*u - 2*u + 22 - 11*u**2. Let s be 1 + 12/(-4) - 1. Let t be r(s). Calculate the highest common divisor of t and 160.
16
Suppose -12 = -p - 11. Let n be (0 - (-4)/4)/p. Let d = 7 - n. What is the highest common divisor of 24 and d?
6
Suppose 779*l = 788*l - 5382. Calculate the highest common factor of l and 368.
46
Let m(g) = -14*g - 2*g**2 + 39*g - 9414 + 9409. Let n be m(10). What is the greatest common divisor of 36 and n?
9
Let i = -5 + 12. Let m = 730 - 728. Suppose m*x + 3 = i, -3*x + 16 = s. What is the greatest common factor of s and 30?
10
Let i(p) = 2*p - 8. Let x be i(5). Let c(m) = 7*m**2 - 7*m + 4. Let b be c(x). Suppose -t - 29 + 155 = 0. Calculate the greatest common factor of t and b.
18
Let n be 2/11 - (-654)/33. Suppose -4*h + n = -2*h. Suppose 10*b + 12 = 162. Calculate the greatest common factor of h and b.
5
Suppose -51*j = -98*j + 68761. Calculate the greatest common divisor of 154 and j.
77
Suppose -2*n - 3*i = 82, 2*n - 2*i = -2*n - 132. Let h be (1 + n)*3621/(-142). Calculate the greatest common factor of 51 and h.
51
Let m = -6353 + 6368. Calculate the highest common factor of 699 and m.
3
Let s be (-1)/4 + (-17250)/(-40). Let y = -276 + s. What is the highest common divisor of y and 93?
31
Let g = -189 + 98. Let k = g - -94. Suppose 5*n - 176 - 461 = l, k*l + 247 = 2*n. What is the greatest common divisor of n and 16?
16
Suppose -z = -y - 68, -2*z + 5*y - 220 = -5*z. Let i be (28/z)/((-2)/(-5)) - -101. What is the highest common factor of i and 255?
51
Let m(f) = -21*f + 66. Suppose -312 = -g - 314. Let o be m(g). Calculate the highest common factor of o and 24.
12
Let u be (-90)/(-4)*384/72. Calculate the highest common factor of u and 624.
24
Suppose 256 = 6*k - 4*k. Let x(n) be the first derivative of -10*n**2 - 44*n - 54. Let c be x(-3). What is the highest common divisor of c and k?
16
Let j be -3*2/(0 + -1). Let n be (-2*(-90)/(-48))/(j/(-16)). What is the highest common factor of 20 and n?
10
Let a(o) = 3*o**3 - 2*o**2 + o + 2. Let w be a(2). Let t = 17720 - 16740. What is the greatest common factor of t and w?
20
Suppose 27*y - 7909 - 2084 - 3912 = 0. Calculate the highest common factor of 5 and y.
5
Suppose -341*b + 66 = -338*b. Calculate the highest common factor of 308 and b.
22
Let b(f) = f**3 - 13*f**2 - 27. Let i be b(14). Suppose -2 - 115 = -3*v. What is the highest common divisor of v and i?
13
Let q(l) = 2*l**2 + 5*l - 1145. Let y be q(0). Let x be -4*(-9 + y/20). What is the greatest common factor of 159 and x?
53
Suppose 38*s = -406 + 4123 + 387. Suppose -4*j + 48 = 3*o - 0*j, 54 = 5*o - 2*j. What is the highest common divisor of o and s?
12
Suppose 29*u - 1199 - 483 = 0. Let o = 66 - 15. Let b = u - o. Calculate the highest common divisor of b and 63.
7
Suppose 0*w + w - 3 = 0. Let f be 12/(-6) - (-1)/(1/w). Calculate the highest common factor of f and 29.
1
Suppose 19*s - 20*s + 34 = 0. Let o be (-18)/72 + s/8. Suppose r - 480 = -o*r. Calculate the highest common divisor of r and 12.
12
Suppose -q + 45 = 2*c - c, 140 = 4*q - 4*c. Suppose 3*s + 37 = j, -s = j - 3*s - q. Let z be (-29 + 6)/(1 + -2). Calculate the highest common factor of j and z.
23
Suppose -265*k + 56 = -261*k. Let s(z) = -z**2 - 20*z + 13. Let q be s(-9). Calculate the highest common divisor of q and k.
14
Suppose 5*o - 6*o + 2*h + 34 = 0, 5*h + 160 = 5*o. Suppose o*b + 928 = 32*b. What is the highest common divisor of b and 58?
58
Let l(z) = -z**2 - 5*z - 4. Let w be l(-3). Let y = -39 + 84. Let d = -43 + y. What is the greatest common factor of w and d?
2
Let v(t) = t**2 + 7*t + 15. Let i be v(-4). Suppose 0 = 9*q - 11*q - i*l + 41, 2*q - 3*l = 11. What is the highest common factor of q and 26?
13
Let j(f) = -4*f**2 + 113*f + 118. Let w be j(28). What is the highest common divisor of w and 9855?
73
Let c = -1271 - -1708. What is the greatest common divisor of c and 95?
19
Let s = -161 + 165. Suppose 2*h - 330 = -2*k, 9*h = s*h - k + 825. Calculate the highest common divisor of h and 15.
15
Let m(r) = 17*r - 2. Let n be m(2). Suppose 99 = j - 52*d + 49*d, 0 = j - 4*d - 100. Calculate the highest common divisor of n and j.
32
Let p(f) = f**2 + 9*f - 264. Let o be p(-22). Let q be (2 - 4)/((-2)/(-3)). Let a be 133/4 - q/(-12). What is the highest common divisor of o and a?
11
Let j be (24/14)/(8/476)*6. Suppose -4*x = -10*x + j. What is the highest common divisor of x and 136?
34
Suppose -3*p + 8*p = 2*y - 59, 2*p = -6. Let z be (-1 - -3)*(-4)/56*-7. Let t be (-2)/6*3*(-55)/z. Calculate the greatest common divisor of t and y.
11
Let v = -3750 - -4135. What is the highest common factor of 462 and v?
77
Let j = 8463 + -6893. What is the greatest common factor of 1727 and j?
157
Suppose 0 = -11*k + 10*k + 146. Suppose 0*b + 4*h = -b + 14, -k = -5*b - h. Let q be (-24)/(-2) + 0 + 0. Calculate the highest common factor of q and b.
6
Let t = 58 + -54. Suppose -2*p - 145 = -y, 2*p - t*p = y - 161. Suppose i + a = -2*i + y, 40 = i + 4*a. What is the greatest common divisor of 13 and i?
13
Suppose -78*l - 91 = -1417. Suppose l*h = 74*h - 228. Let y = -10 - -14. What is the highest common divisor of h and y?
4
Let m = -62591 + 62665. Suppose i = 140 - 23. Let o = 228 - i. What is the highest common divisor of o and m?
37
Let l(d) = d**3 - 12*d**2 + 25*d + 22. Let a be l(9). Let m be (24/(-15))/(a/(-240)). What is the greatest common factor of 768 and m?
96
Let a be (-18)/8 + 2 - 312/32. Let v be (-2)/(-4) + (-3 - 185/a). Calculate the highest common divisor of v and 72.
8
Suppose -6852*k = -6886*k + 346834. Calculate the highest common factor of k and 303.
101
Suppose -945 = -17*n + 8*n. What is the highest common factor of n and 7035?
105
Let f(u) = -6*u**2 + 105*u + 133. Let g be f(14). What is the greatest common divisor of 1403 and g?
61
Let c be -4 + -3 + (81 - (-48)/(-12)). What is the highest common divisor of 2560 and c?
10
Let u be (-1)/2 - (-85)/(-10). Let t be 3/(3 - u/(-4)). Suppose t*q = 13 + 27. Calculate the highest common factor of 10 and q.
10
Let x = -3464 + 3528. What is the highest common divisor of x and 6?
2
Suppose 0 = -736*p + 114*p + 3835874. What is the greatest common factor of 7 and p?
7
Let l(g) = 3*g**3 - 2*g**2 + 2*g. Let m be l(3). Suppose -4230*v - 3703 = -4253*v. What is the highest common factor of m and v?
23
Let v = -168 - -160. Let f be 24/(-9)*(1 - (-20)/v). What is the highest common factor of 5 and f?
1
Let c = 406 - 16. Suppose w + 5*w = -c. Let n be 39/w + 116/10 + -1. Calculate the highest common factor of 70 and n.
10
Suppose 0 = k - 3*k. Suppose -24*m + 18*m + 2016 = k. What is the highest common divisor of m and 210?
42
Suppose 2*f + 24 = 4*y, 7*f = 4*f. Suppose 973 = -y*l + 13*l. Suppose -187 + l = -u. Calculate the highest common factor of u and 36.
12
Let k be (-44)/(-24) - (29/6)/(-29). What is the greatest common factor of 746 and k?
2
Let z = -3029 + 3231. What is the greatest common divisor of z and 2222?
202
Let d(c) = c + 5. Let f be d(5). Suppose 304 - 104 = f*w. Calculate the greatest common factor of 500 and w.
20
Let l be (192/144)/(0 + (-1)/(-6)). Let u = 154 + -70. What is the highest common divisor of u and l?
4
Suppose -67 = -5*h + 62 - 54. Suppose -2*x - 38 = -3*q, 5*x = 3*q - 7*q + 20. Calculate the greatest common divisor of h and q.
5